{"id":4522,"date":"2024-03-18T22:20:27","date_gmt":"2024-03-18T21:20:27","guid":{"rendered":"https:\/\/efferen.cdu-huerth.de\/?page_id=4522"},"modified":"2024-03-21T09:35:02","modified_gmt":"2024-03-21T08:35:02","slug":"wahlkreis-17-rolf-elsen","status":"publish","type":"page","link":"https:\/\/efferen.cdu-huerth.de\/?page_id=4522","title":{"rendered":"Wahlkreis 17: Rolf Elsen"},"content":{"rendered":"<p><a href=\"https:\/\/efferen.cdu-huerth.de\/wp-content\/uploads\/2024\/03\/WK17_Rolf-Elsen_offizielle-quer.jpg\"><img loading=\"lazy\" decoding=\"async\" class=\"aligncenter size-full wp-image-4541\" src=\"https:\/\/efferen.cdu-huerth.de\/wp-content\/uploads\/2024\/03\/WK17_Rolf-Elsen_offizielle-quer.jpg\" alt=\"\" width=\"1024\" height=\"682\" srcset=\"https:\/\/efferen.cdu-huerth.de\/wp-content\/uploads\/2024\/03\/WK17_Rolf-Elsen_offizielle-quer.jpg 1024w, https:\/\/efferen.cdu-huerth.de\/wp-content\/uploads\/2024\/03\/WK17_Rolf-Elsen_offizielle-quer-300x200.jpg 300w, https:\/\/efferen.cdu-huerth.de\/wp-content\/uploads\/2024\/03\/WK17_Rolf-Elsen_offizielle-quer-768x512.jpg 768w, https:\/\/efferen.cdu-huerth.de\/wp-content\/uploads\/2024\/03\/WK17_Rolf-Elsen_offizielle-quer-750x500.jpg 750w\" sizes=\"auto, (max-width: 1024px) 100vw, 1024px\" \/><\/a><\/p>\n<p><span style=\"font-size: 14pt;\"><strong>Rolf Elsen <\/strong><\/span><\/p>\n<p>Mozartstra\u00dfe 1, 50354 H\u00fcrth | rolf.elsen@cdu-huerth.de | 02233 68 0 23<\/p>\n<p>Ratsmitglied | Beamter | Geb. 21.11.1958 | verheiratet<\/p>\n<p>Aktuelle Aussch\u00fcsse als ordentliches Mitglied: Jugendhilfeausschuss, Integrationsrat, Wahlausschuss, Wahlpr\u00fcfungsausschuss&nbsp;<\/p>\n<p>Aktuelle Aussch\u00fcsse als stellvertretendes Mitglied: Ausschuss f\u00fcr Kultur, Sport und B\u00e4der&nbsp;<\/p>\n<p>Aktuelle Aussch\u00fcsse als beratendes Mitglied: Beirat f\u00fcr Menschen mit Behinderung, Seniorenbeirat<\/p>\n<hr>\n<p>Seit 1989 wohne ich mit meiner Frau in Efferen. Beruflich bin ich Angestellter bei einer Bank, ansonsten privat gern mit Hund und Fahrrad unterwegs.<\/p>\n<p>In Efferen leben \u2013 das meint f\u00fcr mich auch, mich <strong>ehrenamtlich<\/strong> einzubringen \u2013 in Vereinen, wie dem Liederkranz MGV H\u00fcrth und dem Musik-Corps Rheingold ebenso wie in der Kommunalpolitik. Seit vielen Jahren engagiere ich mich in der Kommunalpolitik. Ob als <strong>Ratsmitglied<\/strong> in verschiedenen Aussch\u00fcssen oder als <strong>stellvertretender Vorsitzender<\/strong> des CDU-Ortsverbands Efferen.<\/p>\n<p>Weil mir die Zukunft unserer Stadt am Herzen liegt, m\u00f6chte dazu beitragen, dass Efferen <strong>lebens- und liebenswert<\/strong> f\u00fcr uns alle bleibt. Dazu braucht es ein vielf\u00e4ltiges Kultur-, Sport- und Freizeitangebot sowie ein aktives Vereinsleben.<\/p>\n<p>Mit vielen Kinderg\u00e4rten und zwei Grundschulen ist unser Stadtteil gerade f\u00fcr junge Familien ein <strong>attraktiver Wohnort<\/strong>. Mit Nahversorgern gibt es die M\u00f6glichkeit die wichtigsten Dinge des Tagesbedarfs einzukaufen. Die Gastronomie mit ihren Restaurants, Gastst\u00e4tten, Caf\u00e9s und Eisdielen l\u00e4dt zum Besuch ein. Ich lebe gerne in Efferen!<\/p>\n<p>Die Entwicklung in einzelnen Stadtteilen ist herausfordernd. Der R\u00fcckgang von Gastronomie und Einzelhandel pr\u00e4gt viele Orte im Stadtgebiet. Leerst\u00e4nde und unternutzte Fl\u00e4chen bieten triste Anblicke. Ich m\u00f6chte an einem Konzept f\u00fcr Efferen mitwirken, das den Ort als Einzelhandelsstandort st\u00e4rkt. F\u00fcr die unterschiedlichen Quartiere Ma\u00dfnahmen entwickeln, die den <strong>sozialen Austausch<\/strong>, die <strong>Verkehrsentwicklung<\/strong> und das <strong>st\u00e4dtebauliche Erscheinungsbild<\/strong> weiter verbessern. Dazu z\u00e4hlt auch, dass die Voraussetzungen f\u00fcr die Ansiedlung eines neuen Drogeriemarktes geschaffen werden.<\/p>\n<p>In den vergangenen Jahren haben wir die <strong>Betreuungsangebote<\/strong> f\u00fcr unsere Kleinsten kontinuierlich erweitert und mit der Schaffung des Waldkindergartens die Kapazit\u00e4ten ausgebaut. In Efferen-West wurde bereits ein neuer Kindergarten realisiert. Damit tragen wir dem weiter steigenden Bedarf an ortsnahen Angeboten Rechnung.<\/p>\n<p>Der Anteil des Radverkehrs an der Mobilit\u00e4t ist weiter zu steigern. Die Infrastruktur muss hierf\u00fcr so gestaltet werden, dass Radfahren attraktiv wird und Spa\u00df macht. In den letzten Jahren haben wir viel Geld in die Reparatur von Radwegen gesteckt. Da, wo keine st\u00e4dtischen Einwirkungsm\u00f6glichkeiten bestehen, stehe ich daf\u00fcr ein, Alternativen zu planen. Wie etwa eine schnelle <strong>Radwegeverbindung<\/strong> von Fischenich \u00fcber Herm\u00fclheim nach Efferen entlang der Stadtbahnlinie.<\/p>\n<p>Eine sozial ausgewogene Mischung der Bewohnerschaft, quartiersbezogene Angebote sowie st\u00e4dtebaulich vertr\u00e4gliche L\u00f6sungen in den Stadtteilen f\u00f6rdern den sozialen Zusammenhalt in H\u00fcrth. <strong>Das Familienb\u00fcro \u201eAm Gustav\u201c<\/strong> ist eine wichtige Anlaufstelle, das vielf\u00e4ltige Angebote f\u00fcr die umliegenden Quartiere und eine M\u00f6glichkeit zum Treffen f\u00fcr die B\u00fcrgerinnen und B\u00fcrger bietet.<\/p>\n","protected":false},"excerpt":{"rendered":"<p>Rolf Elsen Mozartstra\u00dfe 1, 50354 H\u00fcrth | rolf.elsen@cdu-huerth.de | 02233 68 0 23 Ratsmitglied | Beamter | Geb. 21.11.1958 | verheiratet Aktuelle Aussch\u00fcsse als ordentliches Mitglied: Jugendhilfeausschuss, Integrationsrat, Wahlausschuss, Wahlpr\u00fcfungsausschuss&nbsp; Aktuelle Aussch\u00fcsse als stellvertretendes Mitglied: Ausschuss f\u00fcr Kultur, Sport und B\u00e4der&nbsp; Aktuelle Aussch\u00fcsse als beratendes Mitglied: Beirat f\u00fcr Menschen mit Behinderung, Seniorenbeirat Seit 1989 wohne &hellip; <\/p>\n<p><a class=\"more-link btn\" href=\"https:\/\/efferen.cdu-huerth.de\/?page_id=4522\">Weiterlesen<\/a><\/p>\n","protected":false},"author":18,"featured_media":0,"parent":4507,"menu_order":0,"comment_status":"closed","ping_status":"closed","template":"","meta":{"ngg_post_thumbnail":0,"footnotes":"","_links_to":"","_links_to_target":""},"class_list":["post-4522","page","type-page","status-publish","hentry","nodate","item-wrap"],"_links":{"self":[{"href":"https:\/\/efferen.cdu-huerth.de\/index.php?rest_route=\/wp\/v2\/pages\/4522","targetHints":{"allow":["GET"]}}],"collection":[{"href":"https:\/\/efferen.cdu-huerth.de\/index.php?rest_route=\/wp\/v2\/pages"}],"about":[{"href":"https:\/\/efferen.cdu-huerth.de\/index.php?rest_route=\/wp\/v2\/types\/page"}],"author":[{"embeddable":true,"href":"https:\/\/efferen.cdu-huerth.de\/index.php?rest_route=\/wp\/v2\/users\/18"}],"replies":[{"embeddable":true,"href":"https:\/\/efferen.cdu-huerth.de\/index.php?rest_route=%2Fwp%2Fv2%2Fcomments&post=4522"}],"version-history":[{"count":6,"href":"https:\/\/efferen.cdu-huerth.de\/index.php?rest_route=\/wp\/v2\/pages\/4522\/revisions"}],"predecessor-version":[{"id":4558,"href":"https:\/\/efferen.cdu-huerth.de\/index.php?rest_route=\/wp\/v2\/pages\/4522\/revisions\/4558"}],"up":[{"embeddable":true,"href":"https:\/\/efferen.cdu-huerth.de\/index.php?rest_route=\/wp\/v2\/pages\/4507"}],"wp:attachment":[{"href":"https:\/\/efferen.cdu-huerth.de\/index.php?rest_route=%2Fwp%2Fv2%2Fmedia&parent=4522"}],"curies":[{"name":"wp","href":"https:\/\/api.w.org\/{rel}","templated":true}]}}