{"id":48,"date":"2012-09-27T17:51:30","date_gmt":"2012-09-27T15:51:30","guid":{"rendered":"http:\/\/efferen.cdu-huerth.de\/wp\/?page_id=48"},"modified":"2025-02-05T18:52:27","modified_gmt":"2025-02-05T17:52:27","slug":"burgertreff","status":"publish","type":"page","link":"https:\/\/efferen.cdu-huerth.de\/?page_id=48","title":{"rendered":"B\u00fcrgertreff"},"content":{"rendered":"<p style=\"text-align: center;\">Der n\u00e4chste B\u00fcrgertreff findet im ersten Halbjahr 2024 statt!<\/p>\n<p style=\"text-align: center;\">Der Termin wird fr\u00fchzeitig bekannt gegeben!<\/p>\n","protected":false},"excerpt":{"rendered":"<p>Der n\u00e4chste B\u00fcrgertreff findet im ersten Halbjahr 2024 statt! Der Termin wird fr\u00fchzeitig bekannt gegeben!<\/p>\n","protected":false},"author":4,"featured_media":0,"parent":0,"menu_order":1,"comment_status":"closed","ping_status":"closed","template":"","meta":{"ngg_post_thumbnail":0,"footnotes":"","_links_to":"","_links_to_target":""},"class_list":["post-48","page","type-page","status-publish","hentry","nodate","item-wrap"],"_links":{"self":[{"href":"https:\/\/efferen.cdu-huerth.de\/index.php?rest_route=\/wp\/v2\/pages\/48","targetHints":{"allow":["GET"]}}],"collection":[{"href":"https:\/\/efferen.cdu-huerth.de\/index.php?rest_route=\/wp\/v2\/pages"}],"about":[{"href":"https:\/\/efferen.cdu-huerth.de\/index.php?rest_route=\/wp\/v2\/types\/page"}],"author":[{"embeddable":true,"href":"https:\/\/efferen.cdu-huerth.de\/index.php?rest_route=\/wp\/v2\/users\/4"}],"replies":[{"embeddable":true,"href":"https:\/\/efferen.cdu-huerth.de\/index.php?rest_route=%2Fwp%2Fv2%2Fcomments&post=48"}],"version-history":[{"count":65,"href":"https:\/\/efferen.cdu-huerth.de\/index.php?rest_route=\/wp\/v2\/pages\/48\/revisions"}],"predecessor-version":[{"id":4060,"href":"https:\/\/efferen.cdu-huerth.de\/index.php?rest_route=\/wp\/v2\/pages\/48\/revisions\/4060"}],"wp:attachment":[{"href":"https:\/\/efferen.cdu-huerth.de\/index.php?rest_route=%2Fwp%2Fv2%2Fmedia&parent=48"}],"curies":[{"name":"wp","href":"https:\/\/api.w.org\/{rel}","templated":true}]}}